and 440127833.
43
Calculate the highest common divisor of 9 and 34771689.
9
What is the greatest common factor of 3014043493 and 1423?
1423
Calculate the highest common divisor of 13921155 and 3285.
45
What is the greatest common divisor of 24134365 and 65?
5
What is the highest common divisor of 1700 and 54445900?
1700
What is the greatest common divisor of 20 and 410759870?
10
What is the highest common factor of 1365188 and 146828?
3124
Calculate the highest common divisor of 619366 and 274342.
1198
What is the highest common divisor of 18840 and 53440?
40
What is the highest common factor of 1535 and 115422790?
1535
Calculate the highest common factor of 9899 and 19706304.
521
Calculate the greatest common factor of 252 and 73958283.
63
What is the greatest common factor of 708 and 78871672?
236
What is the greatest common factor of 5746 and 15327421?
17
What is the greatest common divisor of 799043 and 12174239?
4963
What is the greatest common factor of 9325500 and 4000?
500
Calculate the highest common factor of 187401 and 1395.
3
Calculate the highest common divisor of 7760 and 16976.
16
What is the highest common factor of 11622 and 1907796?
894
Calculate the greatest common divisor of 3042 and 14490486.
18
Calculate the highest common divisor of 108404262 and 522.
522
Calculate the greatest common divisor of 7132503 and 2499.
357
What is the highest common factor of 2816 and 8558880?
352
What is the highest common divisor of 2472 and 239856?
24
Calculate the highest common factor of 54 and 2714634.
54
What is the highest common factor of 18730826 and 5038?
458
Calculate the greatest common factor of 35694 and 753192.
54
What is the highest common divisor of 1290 and 12436632?
258
Calculate the greatest common factor of 51 and 47792032.
17
Calculate the highest common divisor of 182849 and 691742.
2203
What is the greatest common factor of 166479 and 164901?
789
Calculate the highest common factor of 11322257 and 5.
1
Calculate the greatest common factor of 585 and 38349675.
585
Calculate the highest common divisor of 522 and 1585098.
18
Calculate the highest common factor of 59 and 144037349.
59
Calculate the greatest common divisor of 324 and 6112692.
108
What is the greatest common factor of 890 and 6125069?
89
Calculate the greatest common factor of 231 and 24294963.
231
Calculate the highest common factor of 232807 and 323.
19
Calculate the greatest common factor of 25880839 and 107.
107
What is the highest common factor of 9037 and 114014665?
1291
Calculate the greatest common divisor of 269 and 225948971.
269
What is the greatest common divisor of 9670 and 426830?
10
What is the greatest common divisor of 660 and 79688202?
66
What is the greatest common divisor of 15904 and 1810571?
497
Calculate the highest common factor of 501529796 and 1244.
1244
Calculate the highest common factor of 1576 and 13239176.
8
Calculate the highest common divisor of 936584154 and 891.
297
What is the highest common divisor of 264 and 600105?
33
What is the highest common divisor of 675314 and 818035?
3481
What is the highest common divisor of 15385 and 28997495?
85
Calculate the highest common factor of 90817 and 1.
1
What is the highest common factor of 2055 and 169206645?
2055
Calculate the highest common factor of 1512 and 361392.
24
Calculate the highest common factor of 1416 and 339191.
59
What is the highest common divisor of 244539 and 3483?
81
Calculate the greatest common factor of 31707368 and 72.
8
Calculate the highest common factor of 187660766 and 488.
122
What is the highest common factor of 27195 and 11769555?
735
What is the greatest common divisor of 65 and 5587699?
13
Calculate the highest common divisor of 28011717 and 18.
9
What is the greatest common factor of 6716 and 1112228?
292
What is the highest common divisor of 218 and 916226096?
218
What is the greatest common factor of 35086 and 3199186?
106
What is the highest common factor of 2501 and 13202?
41
What is the greatest common divisor of 103714 and 2132?
26
What is the highest common divisor of 15426376 and 1888?
472
What is the greatest common divisor of 160 and 10211760?
80
Calculate the highest common factor of 222259 and 158693.
37
Calculate the highest common factor of 4089 and 439920.
141
What is the highest common divisor of 2859 and 26442?
3
What is the greatest common divisor of 1895658 and 5624?
74
Calculate the greatest common divisor of 27 and 47801007.
9
Calculate the greatest common divisor of 35 and 22578090.
5
What is the highest common factor of 3290 and 1642650?
470
What is the greatest common factor of 11543 and 5307743?
679
What is the highest common divisor of 105301365 and 5070?
2535
Calculate the highest common divisor of 3528 and 36876.
84
What is the greatest common divisor of 512144 and 656?
16
Calculate the greatest common divisor of 7513624 and 8.
8
Calculate the greatest common factor of 27537709 and 815.
163
What is the highest common divisor of 869 and 2179057?
79
Calculate the highest common divisor of 5910452 and 1.
1
Calculate the highest common factor of 39 and 483501.
3
What is the highest common divisor of 8904 and 1940379?
21
Calculate the highest common divisor of 153408 and 647754.
282
Calculate the highest common factor of 3408 and 85584.
48
What is the greatest common factor of 1471554 and 133008?
102
What is the greatest common divisor of 263082 and 9930?
6
What is the highest common factor of 679476 and 8148?
84
Calculate the greatest common factor of 24881 and 131216.
139
What is the highest common divisor of 2992913 and 1363?
47
What is the greatest common divisor of 2836825 and 15900?
1325
Calculate the highest common factor of 7355866 and 86800.
434
What is the highest common factor of 325116 and 605?
11
What is the greatest common factor of 57 and 130625513?
19
What is the greatest common factor of 9384 and 677064?
24
What is the greatest common divisor of 46 and 6228837?
23
Calculate the greatest common factor of 10556 and 3252060.
812
Calculate the highest common factor of 10881 and 400179.
1209
Calculate the highest common factor of 55530844 and 304.
76
Calculate the greatest common factor of 483637 and 1457687.
847
What is the greatest common factor of 20549684 and 8684?
668
Calculate the highest common factor of 1810 and 1280330.
10
What is the highest common factor of 7874459 and 83?
83
Calculate the greatest common factor of 259920749 and 33.
11
What is the greatest common factor of 71548266 and 8412?
4206
What is the greatest common factor of 1262169 and 459?
27
What is the greatest common divisor of 180 and 5967660?
60
Calculate the highest common divisor of 18902645 and 262.
131
What is the greatest common divisor of 20114940 and 60?
60
What is the greatest common factor of 1707009 and 552?
3
Calculate the highest common factor of 1443882 and 524.
262
Calculate the greatest common factor of 2072 and 7267244.
148
What is the greatest common factor of 104196 and 445118?
914
Calculate the greatest common divisor of 243580 and 156560.
380
Calculate the greatest common divisor of 12400 and 128898.
62
Calculate the greatest common factor of 50236 and 71877140.
2644
What is the greatest common factor of 111 and 10558579?
37
What is the highest common factor of 7577615 and 8380?
2095
What is the highest common divisor of 434392 and 27328?
56
What is the greatest common factor of 30324904 and 1933?
1933
Calculate the greatest common divisor of 15 and 85376860.
5
Calculate the highest common divisor of 33733738 and 365.
73
What is the greatest common divisor of 1422091 and 3113?
11
Calculate the greatest common factor of 59742501 and 3339.
1113
What is the highest common divisor of 11815052 and 1312?
164
What is the highest common divisor of 69414024 and 48?
24
What is the greatest common factor of 840 and 639421230?
210
Calculate the greatest common divisor of 2316 and 14012958.
1158
Calculate the highest common divisor of 7111 and 300297530.
7111
What is the highest common factor of 66780 and 558408?
636
What is the highest common factor of 868 and 1341144?
28
What is the highest common divisor of 788 and 101713464?
788
Calculate the greatest common divisor of 73390097 and 87.
29
Calculate the greatest common div